{"id":34810,"date":"2019-06-30T01:51:58","date_gmt":"2019-06-29T22:51:58","guid":{"rendered":"https:\/\/afianeswines.gr\/%ce%ba%cf%84%ce%ae%ce%bc%ce%b1-%ce%b1%cf%86%ce%b9%ce%b1%ce%bd%ce%ad%cf%82\/%cf%80%ce%b5%cf%81%ce%b9%ce%b2%ce%b1%ce%bb%ce%bb%ce%bf%ce%bd%cf%84%ce%b9%ce%ba%cf%8c-%ce%b1%cf%80%ce%bf%cf%84%cf%8d%cf%80%cf%89%ce%bc%ce%b1\/"},"modified":"2021-05-05T12:29:20","modified_gmt":"2021-05-05T09:29:20","slug":"huella-ecologica","status":"publish","type":"page","link":"https:\/\/afianeswines.gr\/es\/bodega-afianes\/huella-ecologica\/","title":{"rendered":"Huella ecol\u00f3gica"},"content":{"rendered":"<p>[vc_row][vc_column]\n\t<div class=\"title-subtitle-box   \" style=\" text-align: center;\">\n\t\t<h2 style=\" text-transform: uppercase; font-weight: 300; letter-spacing: 0px;\" >Vinificaci\u00f3n con responsabilidad ambiental<\/h2>\n\t<\/div> [vc_row_inner][vc_column_inner][vc_column_text css=\u00bb.vc_custom_1619706050656{padding-top: 10% !important;padding-right: 10% !important;padding-bottom: 10% !important;padding-left: 10% !important;}\u00bb]Nuestra pol\u00edtica ambiental apuesta por producir la menor contaminaci\u00f3n posible, por ello dise\u00f1amos nuestra bodega de acuerdo con los principios de la arquitectura bioclim\u00e1tica. Seguimos la forma milenaria de construcci\u00f3n de Icaria, que se basa en la f\u00f3rmula: \u00aben la tierra o cerca de la tierra\u00bb.<\/p>\n<p>Nuestra cava est\u00e1 construida bajo tierra y no utilizamos aire acondicionado en sus instalaciones, asimismo nuestros tanques refrigerados operan el m\u00ednimo tiempo posible.<\/p>\n<p>Un largo corredor, casi circular, que rodea la bodega y se comunica con el entorno exterior (de oeste a este), nos proporciona unas condiciones ideales de temperatura y humedad para nuestros vinos sin necesidad de consumo energ\u00e9tico.<\/p>\n<p>Todos nuestros equipos de acero inoxidable se limpian con agua corriente y sin utilizaci\u00f3n de productos qu\u00edmicos. Asimismo, todas las bombillas de nuestro sistema de iluminaci\u00f3n han sido reemplazadas por LED, ahorrando m\u00e1s de 10,000 kWh al a\u00f1o.<\/p>\n<p>La mayor\u00eda de los residuos de la vinificaci\u00f3n (orujos, semillas y tallos) sirve de abono, mientras que un porcentaje menor se utiliza para crear productos relacionados con la nutrici\u00f3n, la salud y la belleza. Nuestro objetivo para los pr\u00f3ximos cinco a\u00f1os es minimizar el desperdicio en un 80%, utilizando residuos de vino e invirtiendo en su desarrollo.<\/p>\n<p>Paralelamente, en los pr\u00f3ximos cinco a\u00f1os nuestro objetivo es reducir significativamente el coste de elaboraci\u00f3n del vino (en un 60%). Queremos enfatizar en la vinificaci\u00f3n tradicional de Icaria: triturar las uvas en la prensa de granito, luego fermentar y madurar el vino en tinajas enterradas.[\/vc_column_text][\/vc_column_inner][\/vc_row_inner][\/vc_column][\/vc_row]<\/p>\n","protected":false},"excerpt":{"rendered":"<p>[vc_row][vc_column][vc_row_inner][vc_column_inner][vc_column_text css=\u00bb.vc_custom_1619706050656{padding-top: 10% !important;padding-right: 10% !important;padding-bottom: 10% !important;padding-left: 10% !important;}\u00bb]Nuestra pol\u00edtica ambiental apuesta por producir la menor contaminaci\u00f3n posible, por ello dise\u00f1amos nuestra bodega de acuerdo con los principios de la arquitectura bioclim\u00e1tica. Seguimos la forma milenaria de construcci\u00f3n de Icaria, que se basa en la f\u00f3rmula: \u00aben la tierra o cerca de la tierra\u00bb.<br class=\"read-more-spacer\"> <a class=\"more-link\" href=\"https:\/\/afianeswines.gr\/es\/bodega-afianes\/huella-ecologica\/\">Read More<\/a><\/p>\n","protected":false},"author":1,"featured_media":34811,"parent":34573,"menu_order":0,"comment_status":"closed","ping_status":"closed","template":"","meta":{"footnotes":""},"class_list":["post-34810","page","type-page","status-publish","has-post-thumbnail","hentry"],"yoast_head":"<!-- This site is optimized with the Yoast SEO plugin v27.2 - https:\/\/yoast.com\/product\/yoast-seo-wordpress\/ -->\n<title>Huella ecol\u00f3gica - Afianes Wines<\/title>\n<meta name=\"robots\" content=\"index, follow, max-snippet:-1, max-image-preview:large, max-video-preview:-1\" \/>\n<link rel=\"canonical\" href=\"https:\/\/afianeswines.gr\/es\/bodega-afianes\/huella-ecologica\/\" \/>\n<meta property=\"og:locale\" content=\"es_ES\" \/>\n<meta property=\"og:type\" content=\"article\" \/>\n<meta property=\"og:title\" content=\"Huella ecol\u00f3gica - Afianes Wines\" \/>\n<meta property=\"og:description\" content=\"[vc_row][vc_column][vc_row_inner][vc_column_inner][vc_column_text css=\u00bb.vc_custom_1619706050656{padding-top: 10% !important;padding-right: 10% !important;padding-bottom: 10% !important;padding-left: 10% !important;}\u00bb]Nuestra pol\u00edtica ambiental apuesta por producir la menor contaminaci\u00f3n posible, por ello dise\u00f1amos nuestra bodega de acuerdo con los principios de la arquitectura bioclim\u00e1tica. Seguimos la forma milenaria de construcci\u00f3n de Icaria, que se basa en la f\u00f3rmula: \u00aben la tierra o cerca de la tierra\u00bb. Read More\" \/>\n<meta property=\"og:url\" content=\"https:\/\/afianeswines.gr\/es\/bodega-afianes\/huella-ecologica\/\" \/>\n<meta property=\"og:site_name\" content=\"Afianes Wines\" \/>\n<meta property=\"article:modified_time\" content=\"2021-05-05T09:29:20+00:00\" \/>\n<meta property=\"og:image\" content=\"https:\/\/afianeswines.gr\/wp-content\/uploads\/2019\/07\/perballontiko-header.jpg\" \/>\n\t<meta property=\"og:image:width\" content=\"2000\" \/>\n\t<meta property=\"og:image:height\" content=\"611\" \/>\n\t<meta property=\"og:image:type\" content=\"image\/jpeg\" \/>\n<meta name=\"twitter:card\" content=\"summary_large_image\" \/>\n<meta name=\"twitter:label1\" content=\"Tiempo de lectura\" \/>\n\t<meta name=\"twitter:data1\" content=\"2 minutos\" \/>\n<script type=\"application\/ld+json\" class=\"yoast-schema-graph\">{\"@context\":\"https:\/\/schema.org\",\"@graph\":[{\"@type\":\"WebPage\",\"@id\":\"https:\/\/afianeswines.gr\/es\/bodega-afianes\/huella-ecologica\/\",\"url\":\"https:\/\/afianeswines.gr\/es\/bodega-afianes\/huella-ecologica\/\",\"name\":\"Huella ecol\u00f3gica - Afianes Wines\",\"isPartOf\":{\"@id\":\"https:\/\/afianeswines.gr\/es\/#website\"},\"primaryImageOfPage\":{\"@id\":\"https:\/\/afianeswines.gr\/es\/bodega-afianes\/huella-ecologica\/#primaryimage\"},\"image\":{\"@id\":\"https:\/\/afianeswines.gr\/es\/bodega-afianes\/huella-ecologica\/#primaryimage\"},\"thumbnailUrl\":\"https:\/\/afianeswines.gr\/wp-content\/uploads\/2019\/07\/perballontiko-header.jpg\",\"datePublished\":\"2019-06-29T22:51:58+00:00\",\"dateModified\":\"2021-05-05T09:29:20+00:00\",\"breadcrumb\":{\"@id\":\"https:\/\/afianeswines.gr\/es\/bodega-afianes\/huella-ecologica\/#breadcrumb\"},\"inLanguage\":\"es\",\"potentialAction\":[{\"@type\":\"ReadAction\",\"target\":[\"https:\/\/afianeswines.gr\/es\/bodega-afianes\/huella-ecologica\/\"]}]},{\"@type\":\"ImageObject\",\"inLanguage\":\"es\",\"@id\":\"https:\/\/afianeswines.gr\/es\/bodega-afianes\/huella-ecologica\/#primaryimage\",\"url\":\"https:\/\/afianeswines.gr\/wp-content\/uploads\/2019\/07\/perballontiko-header.jpg\",\"contentUrl\":\"https:\/\/afianeswines.gr\/wp-content\/uploads\/2019\/07\/perballontiko-header.jpg\",\"width\":2000,\"height\":611},{\"@type\":\"BreadcrumbList\",\"@id\":\"https:\/\/afianeswines.gr\/es\/bodega-afianes\/huella-ecologica\/#breadcrumb\",\"itemListElement\":[{\"@type\":\"ListItem\",\"position\":1,\"name\":\"Home\",\"item\":\"https:\/\/afianeswines.gr\/es\/\"},{\"@type\":\"ListItem\",\"position\":2,\"name\":\"Bodega Afianes\",\"item\":\"https:\/\/afianeswines.gr\/es\/domaine-afianes\/\"},{\"@type\":\"ListItem\",\"position\":3,\"name\":\"Huella ecol\u00f3gica\"}]},{\"@type\":\"WebSite\",\"@id\":\"https:\/\/afianeswines.gr\/es\/#website\",\"url\":\"https:\/\/afianeswines.gr\/es\/\",\"name\":\"Afianes Wines\",\"description\":\"\u039f\u03b9\u03bd\u03bf\u03c0\u03bf\u03b9\u03b5\u03af\u03bf \u0399\u03ba\u03b1\u03c1\u03af\u03b1 - \u0395\u03ba\u03bb\u03b5\u03ba\u03c4\u03ac \u03ba\u03c1\u03b1\u03c3\u03b9\u03ac\",\"potentialAction\":[{\"@type\":\"SearchAction\",\"target\":{\"@type\":\"EntryPoint\",\"urlTemplate\":\"https:\/\/afianeswines.gr\/es\/?s={search_term_string}\"},\"query-input\":{\"@type\":\"PropertyValueSpecification\",\"valueRequired\":true,\"valueName\":\"search_term_string\"}}],\"inLanguage\":\"es\"}]}<\/script>\n<!-- \/ Yoast SEO plugin. -->","yoast_head_json":{"title":"Huella ecol\u00f3gica - Afianes Wines","robots":{"index":"index","follow":"follow","max-snippet":"max-snippet:-1","max-image-preview":"max-image-preview:large","max-video-preview":"max-video-preview:-1"},"canonical":"https:\/\/afianeswines.gr\/es\/bodega-afianes\/huella-ecologica\/","og_locale":"es_ES","og_type":"article","og_title":"Huella ecol\u00f3gica - Afianes Wines","og_description":"[vc_row][vc_column][vc_row_inner][vc_column_inner][vc_column_text css=\u00bb.vc_custom_1619706050656{padding-top: 10% !important;padding-right: 10% !important;padding-bottom: 10% !important;padding-left: 10% !important;}\u00bb]Nuestra pol\u00edtica ambiental apuesta por producir la menor contaminaci\u00f3n posible, por ello dise\u00f1amos nuestra bodega de acuerdo con los principios de la arquitectura bioclim\u00e1tica. Seguimos la forma milenaria de construcci\u00f3n de Icaria, que se basa en la f\u00f3rmula: \u00aben la tierra o cerca de la tierra\u00bb. Read More","og_url":"https:\/\/afianeswines.gr\/es\/bodega-afianes\/huella-ecologica\/","og_site_name":"Afianes Wines","article_modified_time":"2021-05-05T09:29:20+00:00","og_image":[{"width":2000,"height":611,"url":"https:\/\/afianeswines.gr\/wp-content\/uploads\/2019\/07\/perballontiko-header.jpg","type":"image\/jpeg"}],"twitter_card":"summary_large_image","twitter_misc":{"Tiempo de lectura":"2 minutos"},"schema":{"@context":"https:\/\/schema.org","@graph":[{"@type":"WebPage","@id":"https:\/\/afianeswines.gr\/es\/bodega-afianes\/huella-ecologica\/","url":"https:\/\/afianeswines.gr\/es\/bodega-afianes\/huella-ecologica\/","name":"Huella ecol\u00f3gica - Afianes Wines","isPartOf":{"@id":"https:\/\/afianeswines.gr\/es\/#website"},"primaryImageOfPage":{"@id":"https:\/\/afianeswines.gr\/es\/bodega-afianes\/huella-ecologica\/#primaryimage"},"image":{"@id":"https:\/\/afianeswines.gr\/es\/bodega-afianes\/huella-ecologica\/#primaryimage"},"thumbnailUrl":"https:\/\/afianeswines.gr\/wp-content\/uploads\/2019\/07\/perballontiko-header.jpg","datePublished":"2019-06-29T22:51:58+00:00","dateModified":"2021-05-05T09:29:20+00:00","breadcrumb":{"@id":"https:\/\/afianeswines.gr\/es\/bodega-afianes\/huella-ecologica\/#breadcrumb"},"inLanguage":"es","potentialAction":[{"@type":"ReadAction","target":["https:\/\/afianeswines.gr\/es\/bodega-afianes\/huella-ecologica\/"]}]},{"@type":"ImageObject","inLanguage":"es","@id":"https:\/\/afianeswines.gr\/es\/bodega-afianes\/huella-ecologica\/#primaryimage","url":"https:\/\/afianeswines.gr\/wp-content\/uploads\/2019\/07\/perballontiko-header.jpg","contentUrl":"https:\/\/afianeswines.gr\/wp-content\/uploads\/2019\/07\/perballontiko-header.jpg","width":2000,"height":611},{"@type":"BreadcrumbList","@id":"https:\/\/afianeswines.gr\/es\/bodega-afianes\/huella-ecologica\/#breadcrumb","itemListElement":[{"@type":"ListItem","position":1,"name":"Home","item":"https:\/\/afianeswines.gr\/es\/"},{"@type":"ListItem","position":2,"name":"Bodega Afianes","item":"https:\/\/afianeswines.gr\/es\/domaine-afianes\/"},{"@type":"ListItem","position":3,"name":"Huella ecol\u00f3gica"}]},{"@type":"WebSite","@id":"https:\/\/afianeswines.gr\/es\/#website","url":"https:\/\/afianeswines.gr\/es\/","name":"Afianes Wines","description":"\u039f\u03b9\u03bd\u03bf\u03c0\u03bf\u03b9\u03b5\u03af\u03bf \u0399\u03ba\u03b1\u03c1\u03af\u03b1 - \u0395\u03ba\u03bb\u03b5\u03ba\u03c4\u03ac \u03ba\u03c1\u03b1\u03c3\u03b9\u03ac","potentialAction":[{"@type":"SearchAction","target":{"@type":"EntryPoint","urlTemplate":"https:\/\/afianeswines.gr\/es\/?s={search_term_string}"},"query-input":{"@type":"PropertyValueSpecification","valueRequired":true,"valueName":"search_term_string"}}],"inLanguage":"es"}]}},"_links":{"self":[{"href":"https:\/\/afianeswines.gr\/es\/wp-json\/wp\/v2\/pages\/34810","targetHints":{"allow":["GET"]}}],"collection":[{"href":"https:\/\/afianeswines.gr\/es\/wp-json\/wp\/v2\/pages"}],"about":[{"href":"https:\/\/afianeswines.gr\/es\/wp-json\/wp\/v2\/types\/page"}],"author":[{"embeddable":true,"href":"https:\/\/afianeswines.gr\/es\/wp-json\/wp\/v2\/users\/1"}],"replies":[{"embeddable":true,"href":"https:\/\/afianeswines.gr\/es\/wp-json\/wp\/v2\/comments?post=34810"}],"version-history":[{"count":5,"href":"https:\/\/afianeswines.gr\/es\/wp-json\/wp\/v2\/pages\/34810\/revisions"}],"predecessor-version":[{"id":35092,"href":"https:\/\/afianeswines.gr\/es\/wp-json\/wp\/v2\/pages\/34810\/revisions\/35092"}],"up":[{"embeddable":true,"href":"https:\/\/afianeswines.gr\/es\/wp-json\/wp\/v2\/pages\/34573"}],"wp:featuredmedia":[{"embeddable":true,"href":"https:\/\/afianeswines.gr\/es\/wp-json\/wp\/v2\/media\/34811"}],"wp:attachment":[{"href":"https:\/\/afianeswines.gr\/es\/wp-json\/wp\/v2\/media?parent=34810"}],"curies":[{"name":"wp","href":"https:\/\/api.w.org\/{rel}","templated":true}]}}

Huella ecológica

<p>[vc_row][vc_column]
	<div class="title-subtitle-box   " style=" text-align: center;">
		<h2 style=" text-transform: uppercase; font-weight: 300; letter-spacing: 0px;" >Vinificación con responsabilidad ambiental</h2>
	</div> [vc_row_inner][vc_column_inner][vc_column_text css=».vc_custom_1619706050656{padding-top: 10% !important;padding-right: 10% !important;padding-bottom: 10% !important;padding-left: 10% !important;}»]Nuestra política ambiental apuesta por producir la menor contaminación posible, por ello diseñamos nuestra bodega de acuerdo con los principios de la arquitectura bioclimática. Seguimos la forma milenaria de construcción de Icaria, que se basa en la fórmula: «en la tierra o cerca de la tierra».</p>
<p>Nuestra cava está construida bajo tierra y no utilizamos aire acondicionado en sus instalaciones, asimismo nuestros tanques refrigerados operan el mínimo tiempo posible.</p>
<p>Un largo corredor, casi circular, que rodea la bodega y se comunica con el entorno exterior (de oeste a este), nos proporciona unas condiciones ideales de temperatura y humedad para nuestros vinos sin necesidad de consumo energético.</p>
<p>Todos nuestros equipos de acero inoxidable se limpian con agua corriente y sin utilización de productos químicos. Asimismo, todas las bombillas de nuestro sistema de iluminación han sido reemplazadas por LED, ahorrando más de 10,000 kWh al año.</p>
<p>La mayoría de los residuos de la vinificación (orujos, semillas y tallos) sirve de abono, mientras que un porcentaje menor se utiliza para crear productos relacionados con la nutrición, la salud y la belleza. Nuestro objetivo para los próximos cinco años es minimizar el desperdicio en un 80%, utilizando residuos de vino e invirtiendo en su desarrollo.</p>
<p>Paralelamente, en los próximos cinco años nuestro objetivo es reducir significativamente el coste de elaboración del vino (en un 60%). Queremos enfatizar en la vinificación tradicional de Icaria: triturar las uvas en la prensa de granito, luego fermentar y madurar el vino en tinajas enterradas.[/vc_column_text][/vc_column_inner][/vc_row_inner][/vc_column][/vc_row]</p>

<p>[vc_row][vc_column][vc_row_inner][vc_column_inner][vc_column_text css=».vc_custom_1619706050656{padding-top: 10% !important;padding-right: 10% !important;padding-bottom: 10% !important;padding-left: 10% !important;}»]Nuestra política ambiental apuesta por producir la menor contaminación posible, por ello diseñamos nuestra bodega de acuerdo con los principios de la arquitectura bioclimática. Seguimos la forma milenaria de construcción de Icaria, que se basa en la fórmula: «en la tierra o cerca de la tierra».<br class="read-more-spacer"> <a class="more-link" href="https://afianeswines.gr/es/bodega-afianes/huella-ecologica/">Read More</a></p>

<!-- This site is optimized with the Yoast SEO plugin v27.2 - https://yoast.com/product/yoast-seo-wordpress/ -->
<title>Huella ecológica - Afianes Wines</title>
<meta name="robots" content="index, follow, max-snippet:-1, max-image-preview:large, max-video-preview:-1" />
<link rel="canonical" href="https://afianeswines.gr/es/bodega-afianes/huella-ecologica/" />
<meta property="og:locale" content="es_ES" />
<meta property="og:type" content="article" />
<meta property="og:title" content="Huella ecológica - Afianes Wines" />
<meta property="og:description" content="[vc_row][vc_column][vc_row_inner][vc_column_inner][vc_column_text css=».vc_custom_1619706050656{padding-top: 10% !important;padding-right: 10% !important;padding-bottom: 10% !important;padding-left: 10% !important;}»]Nuestra política ambiental apuesta por producir la menor contaminación posible, por ello diseñamos nuestra bodega de acuerdo con los principios de la arquitectura bioclimática. Seguimos la forma milenaria de construcción de Icaria, que se basa en la fórmula: «en la tierra o cerca de la tierra». Read More" />
<meta property="og:url" content="https://afianeswines.gr/es/bodega-afianes/huella-ecologica/" />
<meta property="og:site_name" content="Afianes Wines" />
<meta property="article:modified_time" content="2021-05-05T09:29:20+00:00" />
<meta property="og:image" content="https://afianeswines.gr/wp-content/uploads/2019/07/perballontiko-header.jpg" />
	<meta property="og:image:width" content="2000" />
	<meta property="og:image:height" content="611" />
	<meta property="og:image:type" content="image/jpeg" />
<meta name="twitter:card" content="summary_large_image" />
<meta name="twitter:label1" content="Tiempo de lectura" />
	<meta name="twitter:data1" content="2 minutos" />
<script type="application/ld+json" class="yoast-schema-graph">{"@context":"https://schema.org","@graph":[{"@type":"WebPage","@id":"https://afianeswines.gr/es/bodega-afianes/huella-ecologica/","url":"https://afianeswines.gr/es/bodega-afianes/huella-ecologica/","name":"Huella ecológica - Afianes Wines","isPartOf":{"@id":"https://afianeswines.gr/es/#website"},"primaryImageOfPage":{"@id":"https://afianeswines.gr/es/bodega-afianes/huella-ecologica/#primaryimage"},"image":{"@id":"https://afianeswines.gr/es/bodega-afianes/huella-ecologica/#primaryimage"},"thumbnailUrl":"https://afianeswines.gr/wp-content/uploads/2019/07/perballontiko-header.jpg","datePublished":"2019-06-29T22:51:58+00:00","dateModified":"2021-05-05T09:29:20+00:00","breadcrumb":{"@id":"https://afianeswines.gr/es/bodega-afianes/huella-ecologica/#breadcrumb"},"inLanguage":"es","potentialAction":[{"@type":"ReadAction","target":["https://afianeswines.gr/es/bodega-afianes/huella-ecologica/"]}]},{"@type":"ImageObject","inLanguage":"es","@id":"https://afianeswines.gr/es/bodega-afianes/huella-ecologica/#primaryimage","url":"https://afianeswines.gr/wp-content/uploads/2019/07/perballontiko-header.jpg","contentUrl":"https://afianeswines.gr/wp-content/uploads/2019/07/perballontiko-header.jpg","width":2000,"height":611},{"@type":"BreadcrumbList","@id":"https://afianeswines.gr/es/bodega-afianes/huella-ecologica/#breadcrumb","itemListElement":[{"@type":"ListItem","position":1,"name":"Home","item":"https://afianeswines.gr/es/"},{"@type":"ListItem","position":2,"name":"Bodega Afianes","item":"https://afianeswines.gr/es/domaine-afianes/"},{"@type":"ListItem","position":3,"name":"Huella ecológica"}]},{"@type":"WebSite","@id":"https://afianeswines.gr/es/#website","url":"https://afianeswines.gr/es/","name":"Afianes Wines","description":"Οινοποιείο Ικαρία - Εκλεκτά κρασιά","potentialAction":[{"@type":"SearchAction","target":{"@type":"EntryPoint","urlTemplate":"https://afianeswines.gr/es/?s={search_term_string}"},"query-input":{"@type":"PropertyValueSpecification","valueRequired":true,"valueName":"search_term_string"}}],"inLanguage":"es"}]}</script>
<!-- / Yoast SEO plugin. -->

Huella ecológica - Afianes Wines

[vc_row][vc_column][vc_row_inner][vc_column_inner][vc_column_text css=».vc_custom_1619706050656{padding-top: 10% !important;padding-right: 10% !important;padding-bottom: 10% !important;padding-left: 10% !important;}»]Nuestra política ambiental apuesta por producir la menor contaminación posible, por ello diseñamos nuestra bodega de acuerdo con los principios de la arquitectura bioclimática. Seguimos la forma milenaria de construcción de Icaria, que se basa en la fórmula: «en la tierra o cerca de la tierra». Read More

Οινοποιείο Ικαρία - Εκλεκτά κρασιά
